 - 28*d = -33*d + 8540, 5*j = -4*d + 21384. What is the units digit of j?
0
Let a(c) = -26*c + 7. Suppose g + 2 + 0 = 0. What is the tens digit of a(g)?
5
Suppose -92*b = -86*b. Suppose 465 = 5*k - 3*n, 3*n + 15 = 6*n. Suppose 4*d + 0*d - k = b. What is the units digit of d?
4
Suppose 9653 = 5*c + 3468. What is the units digit of c?
7
Suppose -4*q + 4 = -0. Let k be 4/2 - (q - 1). Suppose -k*v = v - 153. What is the tens digit of v?
5
Let a(h) = h**3 - 2*h. Let u = -16 + 14. Let o be a(u). What is the tens digit of o/(-10) - (-472)/20?
2
Suppose -12*t - 116 + 8 = 0. Suppose 0 = -5*b + 2*q + 169, b = -q + 21 + 10. What is the units digit of 6/b - t/11?
1
Let u = -60 - -48. Let p(b) = 3*b + 9. Let g(v) = -6*v - 17. Let y(a) = 3*g(a) + 5*p(a). What is the tens digit of y(u)?
3
Let h = -492 - -924. Suppose 7*y = 9*y - h. What is the tens digit of y?
1
Let y(v) = 2*v**2 - 25*v + 49. What is the units digit of y(16)?
1
Let u = 1540 - 927. What is the units digit of u?
3
Suppose 30 = 3*k - 3*b, 0*b + 3*b + 9 = 0. Suppose 0 = h + 2*m - 45 - k, -4*m - 148 = -4*h. What is the tens digit of h?
4
Let n(z) be the second derivative of 14*z**3/3 - 11*z**2/2 - 18*z. What is the tens digit of n(3)?
7
Suppose -5*g + 46*n = 42*n - 10563, 0 = -3*g + 3*n + 6336. What is the thousands digit of g?
2
Let l(m) = -7*m - 8*m - 7*m. What is the tens digit of l(-2)?
4
Let t(u) = -125*u + 8. Suppose -57 + 53 = 4*h. What is the tens digit of t(h)?
3
Let m(q) = q**2 - 15*q + 36. Let h be m(21). Let w(s) = -s**2 + s. Let f be w(0). Suppose -j - 3*c - h = -4*j, f = 5*j - c - 274. What is the tens digit of j?
5
Let k(z) = z + 2*z**2 + 5*z**2 - 4*z**2 - 5*z**3. Let s be k(-2). Let w = s + -25. What is the units digit of w?
5
Suppose j + 2*j = -3, 3*d - 4*j - 1339 = 0. Suppose -4*f + d = -115. Suppose -4*o + f = -160. What is the tens digit of o?
7
Let z be (-1)/(1/(-31) - 0). Suppose c = 3 - 0. Let q = z + c. What is the units digit of q?
4
Let o = 354 - 175. What is the hundreds digit of o?
1
Let o = 3055 + -1872. What is the hundreds digit of o?
1
Let m(l) be the second derivative of l**5/20 - 3*l**4/4 - 5*l**3/2 - 13*l**2/2 - 40*l. What is the tens digit of m(11)?
6
Suppose 5*y = h - 11, -4*h + 3*y - 27 = 14. What is the units digit of h/1*3/(-6)*21?
7
Let o(b) = 14*b**2 + b + 6. Let w be o(-3). Let m = 301 - w. What is the units digit of m?
2
Let j(t) = -7*t + 5. Let z = -20 - -11. Let l be j(z). What is the units digit of l/4*1 - -1?
8
Let c = 1047 + -334. What is the units digit of c?
3
Let j(v) be the first derivative of 7*v**3/3 - v - 1. Let z be j(-1). Let w = z + 19. What is the units digit of w?
5
Suppose -f + 31 = 2*j, 0 - 1 = j. Let q = -38 + 87. Let d = q - f. What is the units digit of d?
6
Let f = 36 + -52. Let t be 4/f*-9*-8. What is the units digit of (3 + t)*(-7)/3?
5
Let q(z) be the third derivative of z**4/3 - z**3/2 - 4*z**2. Let h be q(1). Let o = 7 - h. What is the units digit of o?
2
Suppose -2*x - 125 - 201 = 0. Let i = 237 + x. What is the units digit of i?
4
Suppose 4*b + 4*j + 44 = 0, b + 34 = -3*b - 2*j. What is the units digit of (-2)/b - (-7 + 717/(-9))?
7
Let p = -41 - -46. Let f(h) = 14*h - 20. What is the units digit of f(p)?
0
Let b(w) = -w**3 - w**2 + 7*w + 3. Let r be b(-3). Suppose o - 3*o + 180 = r. Suppose d + o = 3*d. What is the tens digit of d?
4
Let s be 465/(-165) - 4/22. Suppose n + 1 = -2*j - 2, 4*n = 12. What is the units digit of (s/9)/(j/63)?
7
Suppose 12*f - 9092 = -1616. What is the units digit of f?
3
Suppose 2*v + 5*d = 812, -3*d - 2*d = 4*v - 1634. Suppose 0 = -13*b + 16*b - v. What is the units digit of b?
7
Let a(y) = y**3 + 5*y**2 + 4*y - 3. Let j be a(-4). Let l be ((-1)/(-2))/(j/(-6)). What is the tens digit of (-3)/(0 + l/(-8))?
2
Let z be 240/14 + 1/(-7). Let d(h) = h - 3. What is the units digit of d(z)?
4
Suppose -4*a = -5*j - 12, -8 + 4 = j. What is the units digit of (a*1 + 0)*(9 - 13)?
8
Let x(j) = -j**2 - 14*j + 34. Let h be x(-16). Let g = -1 + h. What is the units digit of g?
1
Let r(x) be the second derivative of -x**5/20 + 5*x**4/6 - 17*x**3/6 + x**2 + 23*x. What is the tens digit of r(7)?
3
Let h = 926 + -586. What is the units digit of h?
0
Suppose -5*r = -0*r. Suppose r*y + 4*y + 5*u + 29 = 0, 4*u = y - 19. What is the units digit of (-7 + y)*(-3)/4?
6
What is the units digit of (-5958)/(-5) + 32/80?
2
Let p(l) be the first derivative of l**4/4 + 22*l**3/3 + 19*l**2/2 - 13*l - 5. What is the units digit of p(-21)?
9
Let x(i) = 3*i - 21. What is the tens digit of x(17)?
3
Let i(d) = -d**3 + 8*d**2 - 5*d + 4. Let k(r) = -4*r**3 - r**2 + r + 2. Let x be k(-1). What is the tens digit of i(x)?
4
Let d be (-4 + 7 - 29)*1. Let k be (-4)/d + 2/(-13). Suppose k = -4*q + 42 + 78. What is the units digit of q?
0
Suppose 5*n + 7 + 8 = 0. Let o = 7 + n. Suppose q = o*q - 84. What is the units digit of q?
8
Suppose -4*y - 3*v - 120 = -1034, 0 = 2*y + v - 456. What is the units digit of y?
7
Suppose u + 25 = -2*z, 4*z + u + 2*u = -47. Let w be -1*z/(-2)*-1. Suppose -w*v = -4*v - 156. What is the units digit of v?
2
Let g = 21 + -17. Suppose g*v = -5*c - 11, -2*c - 16 = 2*c - 4*v. What is the tens digit of -1 + -13*6/c?
2
Suppose -1027*g = -1028*g + 296. What is the hundreds digit of g?
2
Suppose 0 = -0*x - 7*x + 91. Suppose -3*q - 3*o = -249, 5*o - 176 + x = -2*q. What is the units digit of q?
4
Suppose -5 = 5*a - 15. Suppose 5*s + a*v - 146 = -2*v, -5*s + 150 = 5*v. What is the units digit of s?
6
Let c(y) = y**3 + 11*y**2 + 11*y + 20. Let f be c(-12). Let g = f + 383. What is the tens digit of g?
2
Let j(o) = 2*o. Let x be ((-4)/8 + 0)*-2. Let p be j(x). Suppose -4*s + 72 = -4*i, -3*s + p*s - 3*i = -2. What is the tens digit of s?
1
Let m(n) be the first derivative of n**3/3 - n - 4. Let q be m(-1). Suppose q = k + 4*k - 15. What is the units digit of k?
3
Let q(i) = i**2 - 18*i + 4. Let h be q(18). Suppose -h*u + 91 + 5 = 0. What is the tens digit of u?
2
Suppose -2*r = -3*r + 27. Let t be r/18*4/3. Suppose -t*d = -55 - 7. What is the units digit of d?
1
Let d(k) = k + 11. Let y be d(-7). Suppose 2*v + y + 0 = 0, 0 = i - 3*v - 34. Suppose 2*f - 5*f + 3*a + 24 = 0, -2*a = -4*f + i. What is the units digit of f?
6
Let v(h) be the third derivative of h**5/30 + 5*h**4/12 + 13*h**3/6 - 13*h**2. Let o be v(-5). What is the tens digit of 50/3 - o/(-39)?
1
Let i(y) = 2*y**2 - 8*y + 33. What is the hundreds digit of i(9)?
1
Let a(g) = -24*g**2 - 3*g - 7. Let k(f) = -48*f**2 - 6*f - 15. Let c(o) = -7*a(o) + 3*k(o). What is the tens digit of c(-2)?
9
Suppose m - 3*b - 626 = -0*b, -4*m - 3*b = -2444. What is the tens digit of m?
1
Let o = 306 - -144. What is the tens digit of o?
5
Let i(c) = -18*c - 3. Let b be i(-4). Let v = 158 - b. What is the tens digit of v?
8
Suppose -18*g + 20*g = 14. Suppose 0*m = -2*m - 4. What is the units digit of ((-36)/g)/(m/21)?
4
Let m(f) = f**2 - 11*f - 18. Let k be m(13). Let v = 53 + k. What is the units digit of v?
1
Let v(n) = n**2 + 3*n + 3. Let q be v(-4). Let i be (2 - 20)/(6/(-9)). Suppose q - i = -5*f. What is the units digit of f?
4
What is the thousands digit of -9 + 2757 - (6 - 11)?
2
Let v = 29 + -26. Suppose -9 = -b + v*n + 48, -3*b + 159 = -5*n. What is the units digit of b?
8
Let l = 19 - 10. Let u be (6/l)/(4/(-36)). Let i(p) = -6*p - 8. What is the tens digit of i(u)?
2
Suppose -53*j + 4244 = -65663. What is the hundreds digit of j?
3
Suppose 7*t + 295 = -1049. What is the units digit of 1 - (0 - -2) - t?
1
Let u = 793 - 415. Suppose 4*j + 2*z = u, -72 = -4*j + 3*j + 4*z. What is the units digit of j?
2
Let z(c) = 7*c**3 + 5*c**2 - 4*c - 2. What is the units digit of z(5)?
8
Suppose -29 - 43 = 4*j. Let d be 10/(-4)*j/15. Suppose -20 = -d*n - n + 3*c, c = -5*n + 25. What is the units digit of n?
5
Let n = 1326 + 210. What is the hundreds digit of n?
5
Let w be 6/24 + 879/4. Suppose -w = -a - a. What is the units digit of 3/12 + a/8?
4
Suppose 3*a - 1550 = -o, 429*a = 424*a - 5. What is the units digit of o?
3
Let c(u) = 2*u**3 + 2*u + 3681. What is the tens digit of c(0)?
8
Let j = 77 - 209. Let s = 195 + j. Let z = s + -41. What is the tens digit of z?
2
Let v(s) = 11*s**2 - 63*s + 81. Let d(c) = 5*c**2 - 32*c + 40. Let o(h) = 13*d(h) - 6*v(h). What is the tens digit of o(